[INFO] fetching crate sn0int-registry 0.5.0...
[INFO] checking sn0int-registry-0.5.0 against try#72f88fc4e9458f89516a0b8b0868f3718aec5b47 for pr-74989
[INFO] extracting crate sn0int-registry 0.5.0 into /workspace/builds/worker-0/source
[INFO] validating manifest of crates.io crate sn0int-registry 0.5.0 on toolchain 72f88fc4e9458f89516a0b8b0868f3718aec5b47
[INFO] running `Command { std: "/workspace/cargo-home/bin/cargo" "+72f88fc4e9458f89516a0b8b0868f3718aec5b47" "read-manifest" "--manifest-path" "Cargo.toml", kill_on_drop: false }`
[INFO] started tweaking crates.io crate sn0int-registry 0.5.0
[INFO] finished tweaking crates.io crate sn0int-registry 0.5.0
[INFO] tweaked toml for crates.io crate sn0int-registry 0.5.0 written to /workspace/builds/worker-0/source/Cargo.toml
[INFO] running `Command { std: "/workspace/cargo-home/bin/cargo" "+72f88fc4e9458f89516a0b8b0868f3718aec5b47" "generate-lockfile" "--manifest-path" "Cargo.toml" "-Zno-index-update", kill_on_drop: false }`
[INFO] running `Command { std: "/workspace/cargo-home/bin/cargo" "+72f88fc4e9458f89516a0b8b0868f3718aec5b47" "fetch" "--locked" "--manifest-path" "Cargo.toml", kill_on_drop: false }`
[INFO] [stderr]  Downloading crates ...
[INFO] [stderr]   Downloaded rocket_contrib v0.4.5
[INFO] [stderr]   Downloaded oauth2 v2.0.0
[INFO] [stderr]   Downloaded rocket_failure v0.1.2
[INFO] [stderr]   Downloaded sn0int-common v0.4.0
[INFO] [stderr]   Downloaded diesel_full_text_search v1.0.1
[INFO] running `Command { std: "docker" "create" "-v" "/var/lib/crater-agent-workspace/builds/worker-0/target:/opt/rustwide/target:rw,Z" "-v" "/var/lib/crater-agent-workspace/builds/worker-0/source:/opt/rustwide/workdir:ro,Z" "-v" "/var/lib/crater-agent-workspace/cargo-home:/opt/rustwide/cargo-home:ro,Z" "-v" "/var/lib/crater-agent-workspace/rustup-home:/opt/rustwide/rustup-home:ro,Z" "-e" "SOURCE_DIR=/opt/rustwide/workdir" "-e" "CARGO_TARGET_DIR=/opt/rustwide/target" "-e" "CARGO_HOME=/opt/rustwide/cargo-home" "-e" "RUSTUP_HOME=/opt/rustwide/rustup-home" "-w" "/opt/rustwide/workdir" "-m" "1610612736" "--user" "0:0" "--network" "none" "rustops/crates-build-env@sha256:d92eaeed33fa75130ca1ee6c8a01d1ffb62bac859dfdfb3450e3e5d1c0146529" "/opt/rustwide/cargo-home/bin/cargo" "+72f88fc4e9458f89516a0b8b0868f3718aec5b47" "metadata" "--no-deps" "--format-version=1", kill_on_drop: false }`
[INFO] [stdout] 969aed9e578729c4ad0a51ed935ceba897ea9efcdfca79c90f64962236419915
[INFO] [stderr] WARNING: Your kernel does not support swap limit capabilities or the cgroup is not mounted. Memory limited without swap.
[INFO] running `Command { std: "docker" "start" "-a" "969aed9e578729c4ad0a51ed935ceba897ea9efcdfca79c90f64962236419915", kill_on_drop: false }`
[INFO] running `Command { std: "docker" "inspect" "969aed9e578729c4ad0a51ed935ceba897ea9efcdfca79c90f64962236419915", kill_on_drop: false }`
[INFO] running `Command { std: "docker" "rm" "-f" "969aed9e578729c4ad0a51ed935ceba897ea9efcdfca79c90f64962236419915", kill_on_drop: false }`
[INFO] [stdout] 969aed9e578729c4ad0a51ed935ceba897ea9efcdfca79c90f64962236419915
[INFO] running `Command { std: "docker" "create" "-v" "/var/lib/crater-agent-workspace/builds/worker-0/target:/opt/rustwide/target:rw,Z" "-v" "/var/lib/crater-agent-workspace/builds/worker-0/source:/opt/rustwide/workdir:ro,Z" "-v" "/var/lib/crater-agent-workspace/cargo-home:/opt/rustwide/cargo-home:ro,Z" "-v" "/var/lib/crater-agent-workspace/rustup-home:/opt/rustwide/rustup-home:ro,Z" "-e" "SOURCE_DIR=/opt/rustwide/workdir" "-e" "CARGO_TARGET_DIR=/opt/rustwide/target" "-e" "CARGO_INCREMENTAL=0" "-e" "RUST_BACKTRACE=full" "-e" "RUSTFLAGS=--cap-lints=forbid" "-e" "CARGO_HOME=/opt/rustwide/cargo-home" "-e" "RUSTUP_HOME=/opt/rustwide/rustup-home" "-w" "/opt/rustwide/workdir" "-m" "1610612736" "--user" "0:0" "--network" "none" "rustops/crates-build-env@sha256:d92eaeed33fa75130ca1ee6c8a01d1ffb62bac859dfdfb3450e3e5d1c0146529" "/opt/rustwide/cargo-home/bin/cargo" "+72f88fc4e9458f89516a0b8b0868f3718aec5b47" "check" "--frozen" "--all" "--all-targets" "--message-format=json", kill_on_drop: false }`
[INFO] [stderr] WARNING: Your kernel does not support swap limit capabilities or the cgroup is not mounted. Memory limited without swap.
[INFO] [stdout] c0833f65c0f98d65e4dee06a8e3600da4fa5c7f905a1e5b70a14f1cdcc1df620
[INFO] running `Command { std: "docker" "start" "-a" "c0833f65c0f98d65e4dee06a8e3600da4fa5c7f905a1e5b70a14f1cdcc1df620", kill_on_drop: false }`
[INFO] [stderr]    Compiling syn v1.0.40
[INFO] [stderr]     Checking scopeguard v1.1.0
[INFO] [stderr]    Compiling cc v1.0.59
[INFO] [stderr]     Checking tinyvec v0.3.4
[INFO] [stderr]     Checking matches v0.1.8
[INFO] [stderr]    Compiling proc-macro2 v0.4.30
[INFO] [stderr]    Compiling unicode-xid v0.1.0
[INFO] [stderr]    Compiling yansi v0.5.0
[INFO] [stderr]    Compiling syn v0.15.44
[INFO] [stderr]     Checking itoa v0.4.6
[INFO] [stderr]    Compiling smallvec v1.4.2
[INFO] [stderr]     Checking either v1.6.0
[INFO] [stderr]    Compiling subtle v2.3.0
[INFO] [stderr]    Compiling opaque-debug v0.2.3
[INFO] [stderr]    Compiling byte-tools v0.3.1
[INFO] [stderr]     Checking hashbrown v0.9.0
[INFO] [stderr]    Compiling subtle v1.0.0
[INFO] [stderr]     Checking fnv v1.0.7
[INFO] [stderr]    Compiling ppv-lite86 v0.2.9
[INFO] [stderr]     Checking instant v0.1.6
[INFO] [stderr]    Compiling fake-simd v0.1.2
[INFO] [stderr]    Compiling safemem v0.3.3
[INFO] [stderr]    Compiling percent-encoding v1.0.1
[INFO] [stderr]    Compiling zeroize v1.1.0
[INFO] [stderr]    Compiling language-tags v0.2.2
[INFO] [stderr]    Compiling base64 v0.12.3
[INFO] [stderr]    Compiling typeable v0.1.2
[INFO] [stderr]    Compiling traitobject v0.1.0
[INFO] [stderr]    Compiling ucd-trie v0.1.3
[INFO] [stderr]    Compiling state v0.4.1
[INFO] [stderr]    Compiling maplit v1.0.2
[INFO] [stderr]    Compiling openssl v0.10.30
[INFO] [stderr]     Checking foreign-types-shared v0.1.1
[INFO] [stderr]     Checking same-file v1.0.6
[INFO] [stderr]    Compiling native-tls v0.2.4
[INFO] [stderr]    Compiling crc32fast v1.2.0
[INFO] [stderr]     Checking try-lock v0.2.3
[INFO] [stderr]    Compiling encoding_rs v0.8.24
[INFO] [stderr]     Checking arrayref v0.3.6
[INFO] [stderr]     Checking dtoa v0.4.6
[INFO] [stderr]     Checking mime v0.3.16
[INFO] [stderr]     Checking glob v0.3.0
[INFO] [stderr]     Checking hex v0.3.2
[INFO] [stderr]    Compiling crossbeam-utils v0.7.2
[INFO] [stderr]    Compiling indexmap v1.6.0
[INFO] [stderr]    Compiling memoffset v0.5.5
[INFO] [stderr]    Compiling crossbeam-epoch v0.8.2
[INFO] [stderr]    Compiling unicase v2.6.0
[INFO] [stderr]    Compiling error-chain v0.12.4
[INFO] [stderr]    Compiling nom v4.2.3
[INFO] [stderr]     Checking lock_api v0.3.4
[INFO] [stderr]     Checking lock_api v0.4.1
[INFO] [stderr]     Checking unicode-bidi v0.3.4
[INFO] [stderr]    Compiling block-padding v0.1.5
[INFO] [stderr]     Checking tokio-sync v0.1.8
[INFO] [stderr]     Checking unicode-normalization v0.1.13
[INFO] [stderr]    Compiling pear_codegen v0.1.4
[INFO] [stderr]    Compiling rocket_codegen v0.4.5
[INFO] [stderr]    Compiling rocket v0.4.5
[INFO] [stderr]     Checking foreign-types v0.3.2
[INFO] [stderr]    Compiling pest v2.1.3
[INFO] [stderr]     Checking walkdir v2.3.1
[INFO] [stderr]     Checking block-buffer v0.3.3
[INFO] [stderr]    Compiling typenum v1.12.0
[INFO] [stderr]     Checking maybe-uninit v2.0.0
[INFO] [stderr]    Compiling httparse v1.3.4
[INFO] [stderr]    Compiling pq-sys v0.4.6
[INFO] [stderr]     Checking iovec v0.1.4
[INFO] [stderr]     Checking num_cpus v1.13.0
[INFO] [stderr]     Checking time v0.1.44
[INFO] [stderr]     Checking net2 v0.2.35
[INFO] [stderr]     Checking parking_lot_core v0.8.0
[INFO] [stderr]     Checking backtrace v0.3.50
[INFO] [stderr]     Checking atty v0.2.14
[INFO] [stderr]     Checking rand_os v0.1.3
[INFO] [stderr]     Checking inotify-sys v0.1.3
[INFO] [stderr]     Checking filetime v0.2.12
[INFO] [stderr]    Compiling getrandom v0.1.15
[INFO] [stderr]     Checking base64 v0.9.3
[INFO] [stderr]     Checking base64 v0.10.1
[INFO] [stderr]     Checking generic-array v0.9.0
[INFO] [stderr]     Checking log v0.3.9
[INFO] [stderr]     Checking want v0.2.0
[INFO] [stderr]    Compiling parking_lot_core v0.6.2
[INFO] [stderr]    Compiling parking_lot v0.9.0
[INFO] [stderr]    Compiling hyper v0.12.35
[INFO] [stderr]    Compiling unicase v1.4.2
[INFO] [stderr]     Checking smallvec v0.6.13
[INFO] [stderr]     Checking bytes v0.4.12
[INFO] [stderr]     Checking futures-cpupool v0.1.8
[INFO] [stderr]     Checking parking_lot v0.11.0
[INFO] [stderr]     Checking mio v0.6.22
[INFO] [stderr]     Checking inotify v0.7.1
[INFO] [stderr]    Compiling rand_core v0.5.1
[INFO] [stderr]     Checking idna v0.1.5
[INFO] [stderr]     Checking idna v0.2.0
[INFO] [stderr]    Compiling quote v0.6.13
[INFO] [stderr]    Compiling openssl-sys v0.9.58
[INFO] [stderr]    Compiling libz-sys v1.1.2
[INFO] [stderr]    Compiling curl-sys v0.4.36+curl-7.71.1
[INFO] [stderr]     Checking universal-hash v0.3.0
[INFO] [stderr]     Checking crypto-mac v0.7.0
[INFO] [stderr]     Checking block-cipher-trait v0.6.2
[INFO] [stderr]     Checking aead v0.2.0
[INFO] [stderr]    Compiling generic-array v0.12.3
[INFO] [stderr]     Checking mime v0.2.6
[INFO] [stderr]     Checking digest v0.7.6
[INFO] [stderr]     Checking rand v0.6.5
[INFO] [stderr]    Compiling pest_meta v2.1.3
[INFO] [stderr]     Checking flate2 v1.0.17
[INFO] [stderr]    Compiling mime_guess v2.0.3
[INFO] [stderr]     Checking scheduled-thread-pool v0.2.5
[INFO] [stderr]    Compiling rand_chacha v0.2.2
[INFO] [stderr]     Checking tokio-executor v0.1.10
[INFO] [stderr]     Checking crossbeam-queue v0.2.3
[INFO] [stderr]     Checking polyval v0.3.3
[INFO] [stderr]     Checking sha2 v0.8.2
[INFO] [stderr]     Checking tokio-io v0.1.13
[INFO] [stderr]     Checking http v0.1.21
[INFO] [stderr]     Checking tokio-buf v0.1.1
[INFO] [stderr]     Checking string v0.2.1
[INFO] [stderr]     Checking hmac v0.7.1
[INFO] [stderr]     Checking blake2 v0.8.1
[INFO] [stderr]     Checking aes-soft v0.3.3
[INFO] [stderr]     Checking sha2 v0.7.1
[INFO] [stderr]     Checking url v1.7.2
[INFO] [stderr]    Compiling digest v0.8.1
[INFO] [stderr]    Compiling block-buffer v0.7.3
[INFO] [stderr]     Checking url v2.1.1
[INFO] [stderr]     Checking tokio-timer v0.2.13
[INFO] [stderr]     Checking tokio-current-thread v0.1.7
[INFO] [stderr]     Checking mio-extras v2.0.6
[INFO] [stderr]     Checking r2d2 v0.8.9
[INFO] [stderr]    Compiling rand v0.7.3
[INFO] [stderr]     Checking ghash v0.2.3
[INFO] [stderr]     Checking crossbeam-deque v0.7.3
[INFO] [stderr]     Checking hkdf v0.8.0
[INFO] [stderr]     Checking aes v0.3.2
[INFO] [stderr]     Checking uuid v0.7.4
[INFO] [stderr]     Checking hyper v0.10.16
[INFO] [stderr]     Checking cookie v0.12.0
[INFO] [stderr]     Checking notify v4.0.15
[INFO] [stderr]     Checking aes-gcm v0.5.0
[INFO] [stderr]     Checking tokio-threadpool v0.1.18
[INFO] [stderr]     Checking publicsuffix v1.5.4
[INFO] [stderr]     Checking tokio-reactor v0.1.12
[INFO] [stderr]     Checking cookie v0.11.3
[INFO] [stderr]     Checking tokio-tcp v0.1.4
[INFO] [stderr]     Checking tokio v0.1.22
[INFO] [stderr]     Checking h2 v0.1.26
[INFO] [stderr]     Checking http-body v0.1.0
[INFO] [stderr]    Compiling synstructure v0.12.4
[INFO] [stderr]    Compiling pest_generator v2.1.3
[INFO] [stderr]    Compiling devise_core v0.2.0
[INFO] [stderr]     Checking hyper-tls v0.3.2
[INFO] [stderr]    Compiling curl v0.4.33
[INFO] [stderr]    Compiling serde_derive v1.0.116
[INFO] [stderr]    Compiling diesel_derives v1.4.1
[INFO] [stderr]    Compiling failure_derive v0.1.8
[INFO] [stderr]    Compiling pest_derive v2.1.0
[INFO] [stderr]    Compiling devise_codegen v0.2.0
[INFO] [stderr]     Checking failure v0.1.8
[INFO] [stderr]    Compiling devise v0.2.0
[INFO] [stderr]     Checking dotenv v0.13.0
[INFO] [stderr]    Compiling pear v0.1.4
[INFO] [stderr]     Checking rocket_http v0.4.5
[INFO] [stderr]     Checking serde v1.0.116
[INFO] [stderr]    Compiling diesel v1.4.5
[INFO] [stderr]     Checking serde_json v1.0.57
[INFO] [stderr]     Checking toml v0.4.10
[INFO] [stderr]     Checking serde_urlencoded v0.5.5
[INFO] [stderr]     Checking cookie_store v0.7.0
[INFO] [stderr]     Checking handlebars v1.1.0
[INFO] [stderr]     Checking oauth2 v2.0.0
[INFO] [stderr]     Checking reqwest v0.9.24
[INFO] [stderr]     Checking rocket_failure v0.1.2
[INFO] [stderr]     Checking rocket_contrib v0.4.5
[INFO] [stderr]     Checking sn0int-common v0.4.0
[INFO] [stderr]     Checking migrations_internals v1.4.1
[INFO] [stderr]     Checking diesel_full_text_search v1.0.1
[INFO] [stderr]    Compiling migrations_macros v1.4.2
[INFO] [stderr]     Checking diesel_migrations v1.4.0
[INFO] [stderr]     Checking sn0int-registry v0.5.0 (/opt/rustwide/workdir)
[INFO] [stdout] error[E0599]: no method named `access_token` found for struct `StandardTokenResponse<EmptyExtraTokenFields, BasicTokenType>` in the current scope
[INFO] [stdout]   --> src/auth.rs:67:37
[INFO] [stdout]    |
[INFO] [stdout] 67 |         let access_token = response.access_token();
[INFO] [stdout]    |                                     ^^^^^^^^^^^^
[INFO] [stdout]    |                                     |
[INFO] [stdout]    |                                     private field, not a method
[INFO] [stdout]    |                                     help: there is an associated function with a similar name: `set_access_token`
[INFO] [stdout]    |
[INFO] [stdout]    = help: items from traits can only be used if the trait is in scope
[INFO] [stdout]    = note: the following trait is implemented but not in scope; perhaps add a `use` for it:
[INFO] [stdout]            `use oauth2::TokenResponse;`
[INFO] [stdout] 
[INFO] [stdout] 
[INFO] [stdout] error[E0599]: no method named `access_token` found for struct `StandardTokenResponse<EmptyExtraTokenFields, BasicTokenType>` in the current scope
[INFO] [stdout]   --> src/auth.rs:67:37
[INFO] [stdout]    |
[INFO] [stdout] 67 |         let access_token = response.access_token();
[INFO] [stdout]    |                                     ^^^^^^^^^^^^
[INFO] [stdout]    |                                     |
[INFO] [stdout]    |                                     private field, not a method
[INFO] [stdout]    |                                     help: there is an associated function with a similar name: `set_access_token`
[INFO] [stdout]    |
[INFO] [stdout]    = help: items from traits can only be used if the trait is in scope
[INFO] [stdout]    = note: the following trait is implemented but not in scope; perhaps add a `use` for it:
[INFO] [stdout]            `use oauth2::TokenResponse;`
[INFO] [stdout] 
[INFO] [stdout] 
[INFO] [stdout] error[E0308]: mismatched types
[INFO] [stdout]   --> src/auth.rs:76:13
[INFO] [stdout]    |
[INFO] [stdout] 76 |             access_token,
[INFO] [stdout]    |             ^^^^^^^^^^^^
[INFO] [stdout]    |             |
[INFO] [stdout]    |             expected struct `std::string::String`, found `str`
[INFO] [stdout]    |             help: try using a conversion method: `access_token: access_token.to_string()`
[INFO] [stdout] 
[INFO] [stdout] 
[INFO] [stdout] error[E0308]: mismatched types
[INFO] [stdout]   --> src/auth.rs:76:13
[INFO] [stdout]    |
[INFO] [stdout] 76 |             access_token,
[INFO] [stdout]    |             ^^^^^^^^^^^^
[INFO] [stdout]    |             |
[INFO] [stdout]    |             expected struct `std::string::String`, found `str`
[INFO] [stdout]    |             help: try using a conversion method: `access_token: access_token.to_string()`
[INFO] [stdout] 
[INFO] [stdout] 
[INFO] [stdout] error: aborting due to 2 previous errors
[INFO] [stdout] 
[INFO] [stdout] 
[INFO] [stdout] Some errors have detailed explanations: E0308, E0599.
[INFO] [stdout] 
[INFO] [stdout] For more information about an error, try `rustc --explain E0308`.
[INFO] [stdout] 
[INFO] [stdout] error: aborting due to 2 previous errors
[INFO] [stdout] 
[INFO] [stdout] 
[INFO] [stdout] Some errors have detailed explanations: E0308, E0599.
[INFO] [stdout] 
[INFO] [stdout] For more information about an error, try `rustc --explain E0308`.
[INFO] [stdout] 
[INFO] [stderr] error: could not compile `sn0int-registry`.
[INFO] [stderr] 
[INFO] [stderr] To learn more, run the command again with --verbose.
[INFO] [stderr] warning: build failed, waiting for other jobs to finish...
[INFO] [stderr] error: build failed
[INFO] running `Command { std: "docker" "inspect" "c0833f65c0f98d65e4dee06a8e3600da4fa5c7f905a1e5b70a14f1cdcc1df620", kill_on_drop: false }`
[INFO] running `Command { std: "docker" "rm" "-f" "c0833f65c0f98d65e4dee06a8e3600da4fa5c7f905a1e5b70a14f1cdcc1df620", kill_on_drop: false }`
[INFO] [stdout] c0833f65c0f98d65e4dee06a8e3600da4fa5c7f905a1e5b70a14f1cdcc1df620
